{"id":730,"date":"2014-03-12T13:56:59","date_gmt":"2014-03-12T12:56:59","guid":{"rendered":"http:\/\/periodismo.umh.es\/?page_id=730"},"modified":"2025-11-17T15:47:15","modified_gmt":"2025-11-17T14:47:15","slug":"ix-comunicacion-corporativa","status":"publish","type":"page","link":"https:\/\/periodismo.umh.es\/en\/informacion-academica\/valencia-jornadas-internacionales\/ix-comunicacion-corporativa\/","title":{"rendered":"9th Corporate Communication"},"content":{"rendered":"<p><span style=\"font-weight: 400\">The 9th International Journalism Conference UMH, titled <\/span><a href=\"http:\/\/issuu.com\/medialabumh\/docs\/ix_jornadas_internacionales_de_peri\"><i><span style=\"font-weight: 400\">\u201cCorporate Communication: Another Way of Practicing Journalism,\u201d<\/span><\/i><\/a><span style=\"font-weight: 400\"> will take place on March 25 and 26 in the Aula Magna of the Altabix Building. The event is organized by the Miguel Hern\u00e1ndez University (UMH) and the Department of Social and Human Sciences with the aim of discussing the communication management of companies, institutions, and organizations\u2014a responsibility that often falls on journalism professionals.<\/span><\/p>\n<p><span style=\"font-weight: 400\">The conference will feature experts such as Pilar Domingo (President of <a href=\"https:\/\/periodismo.umh.es\/2014\/02\/13\/ix-jornadas-internnacionales-de-periodismo-umh-comunicacion-corporativa-otra-forma-de-ejercer-el-periodismo\/www.dircom.org\/\">Dircom<\/a> Comunidad Valenciana y Murcia), Lorena Escandell (Head of Communication at <a href=\"https:\/\/periodismo.umh.es\/2014\/02\/13\/ix-jornadas-internnacionales-de-periodismo-umh-comunicacion-corporativa-otra-forma-de-ejercer-el-periodismo\/www.adela-cv.org\/\">ADELA-CV<\/a>), Maribel Hern\u00e1ndez (Amnesty International), Roberto Rodr\u00edguez (Communications Director at <a href=\"https:\/\/periodismo.umh.es\/2014\/02\/13\/ix-jornadas-internnacionales-de-periodismo-umh-comunicacion-corporativa-otra-forma-de-ejercer-el-periodismo\/www.amma.es\/grupo-amma\">Grupo Amma<\/a>), B\u00e1rbara Yuste (Communications Director at the Spanish <a href=\"https:\/\/periodismo.umh.es\/2014\/02\/13\/ix-jornadas-internnacionales-de-periodismo-umh-comunicacion-corporativa-otra-forma-de-ejercer-el-periodismo\/www.adigital.org\/%E2%80%8E\">Association of Digital Economy<\/a>), Jordi Rom\u00e1n (Communications Director at the <a href=\"https:\/\/periodismo.umh.es\/2014\/02\/13\/ix-jornadas-internnacionales-de-periodismo-umh-comunicacion-corporativa-otra-forma-de-ejercer-el-periodismo\/www.feb.es\/%E2%80%8E\">Spanish Basketball Federation<\/a>), and Javier Fern\u00e1ndez del Mora, Professor at the <a href=\"https:\/\/www.ucm.es\/%E2%80%8E\">Complutense University of Madrid<\/a>, among others.<\/span><\/p>\n<p><span style=\"font-weight: 400\">This edition will be directed by <a href=\"http:\/\/www.rmedcom.org\/cv\/cvdeLara.pdf\">Alicia de Lara Gonz\u00e1lez<\/a> and <a href=\"http:\/\/www.elche.me\/biografia\/olabe-sanchez-fernando\">Fernando Olabe S\u00e1nchez<\/a>, professors and experts in Advertising and Corporate Communication. <strong>UMH Journalism<\/strong> professors Jos\u00e9 Luis Gonz\u00e1lez, Jos\u00e9 Luis Ferris, Isabel Gonz\u00e1lez Mesa, Sergio Mart\u00ednez Mahugo, and Jos\u00e9 Alberto Garc\u00eda Avil\u00e9s will also participate and collaborate in the event.<\/span><\/p>\n<p><span style=\"font-weight: 400\">As every year, during the conference (Wednesday at 12:30 p.m.), the 6th Ricardo Ortega Journalistic Report Award will be presented. Participants will also be able to engage via Twitter using the hashtag <a href=\"https:\/\/twitter.com\/search?q=%23jpumh&amp;src=tren\">#jpumh<\/a>, which has become a national trending topic in previous editions.<\/span><\/p>\n<p><strong>Registration<\/strong><\/p>\n<ul>\n<li style=\"font-weight: 400\"><span style=\"font-weight: 400\">Attendance and registration for the conference grant 1 elective credit at UMH.<\/span>&nbsp;<\/li>\n<li style=\"font-weight: 400\"><span style=\"font-weight: 400\">General public: \u20ac30<\/span>&nbsp;<\/li>\n<li style=\"font-weight: 400\"><span style=\"font-weight: 400\">Members of the Alicante Press Association: \u20ac20<\/span>&nbsp;<\/li>\n<li style=\"font-weight: 400\"><span style=\"font-weight: 400\">Students from other universities: \u20ac15<\/span>&nbsp;<\/li>\n<li style=\"font-weight: 400\"><span style=\"font-weight: 400\">UMH students and alumni: \u20ac10<\/span>&nbsp;<\/li>\n<li style=\"font-weight: 400\"><span style=\"font-weight: 400\">Payment must be made via the UMH website:<\/span><a href=\"http:\/\/www.umh.es\/recibos\"> <span style=\"font-weight: 400\">www.umh.es\/recibos<\/span><\/a>&nbsp;<\/li>\n<\/ul>\n<p>&nbsp;<\/p>\n<p><span style=\"font-weight: 400\">Schedule<\/span><\/p>\n<p><span style=\"font-weight: 400\">The conference will begin on Tuesday, March 25, 2014, at 9:00 a.m. and end at 2:00 p.m.<\/span><span style=\"font-weight: 400\"><br \/>\n<\/span><span style=\"font-weight: 400\"> On Wednesday, March 26, sessions will start at 9:30 a.m. and conclude at 1:45 p.m.<\/span><\/p>\n<p><a href=\"http:\/\/issuu.com\/medialabumh\/docs\/tr__ptico\/0\"><span style=\"font-weight: 400\">BROCHURE WITH FULL INFORMATION ABOUT THE CONFERENCE<\/span><\/a><\/p>\n<div class='bookmarkify'><a name='bookmarkify'><\/a><div class='linkbuttons'><a href='http:\/\/www.facebook.com\/share.php?u=https:\/\/periodismo.umh.es\/en\/informacion-academica\/valencia-jornadas-internacionales\/ix-comunicacion-corporativa\/' title='Save to Facebook' onclick='target=\"_blank\";' rel='nofollow'><img src='https:\/\/periodismo.umh.es\/wp-content\/plugins\/bookmarkify\/facebook.png' style='width:16px; height:16px;' alt='[Facebook] ' \/><\/a> <a href='http:\/\/twitter.com\/home\/?status=9th Corporate Communication+https:\/\/periodismo.umh.es\/en\/informacion-academica\/valencia-jornadas-internacionales\/ix-comunicacion-corporativa\/' title='Save to Twitter' onclick='target=\"_blank\";' rel='nofollow'><img src='https:\/\/periodismo.umh.es\/wp-content\/plugins\/bookmarkify\/twitter.png' style='width:16px; height:16px;' alt='[Twitter] ' \/><\/a> <\/div><\/div>","protected":false},"excerpt":{"rendered":"<p>The 9th International Journalism Conference UMH, titled \u201cCorporate Communication: Another Way of Practicing Journalism,\u201d will take place on March 25 and 26 in the Aula Magna of the Altabix Building. The event is organized by the Miguel Hern\u00e1ndez University (UMH) and the Department of Social and Human Sciences with the aim of discussing the communication [&#8230;]<\/p>\n","protected":false},"author":1762,"featured_media":0,"parent":927,"menu_order":1,"comment_status":"closed","ping_status":"closed","template":"","meta":{"ngg_post_thumbnail":0,"_links_to":"","_links_to_target":""},"_links":{"self":[{"href":"https:\/\/periodismo.umh.es\/en\/wp-json\/wp\/v2\/pages\/730"}],"collection":[{"href":"https:\/\/periodismo.umh.es\/en\/wp-json\/wp\/v2\/pages"}],"about":[{"href":"https:\/\/periodismo.umh.es\/en\/wp-json\/wp\/v2\/types\/page"}],"author":[{"embeddable":true,"href":"https:\/\/periodismo.umh.es\/en\/wp-json\/wp\/v2\/users\/1762"}],"replies":[{"embeddable":true,"href":"https:\/\/periodismo.umh.es\/en\/wp-json\/wp\/v2\/comments?post=730"}],"version-history":[{"count":0,"href":"https:\/\/periodismo.umh.es\/en\/wp-json\/wp\/v2\/pages\/730\/revisions"}],"up":[{"embeddable":true,"href":"https:\/\/periodismo.umh.es\/en\/wp-json\/wp\/v2\/pages\/927"}],"wp:attachment":[{"href":"https:\/\/periodismo.umh.es\/en\/wp-json\/wp\/v2\/media?parent=730"}],"curies":[{"name":"wp","href":"https:\/\/api.w.org\/{rel}","templated":true}]}}

<p><span style="font-weight: 400">The 9th International Journalism Conference UMH, titled </span><a href="http://issuu.com/medialabumh/docs/ix_jornadas_internacionales_de_peri"><i><span style="font-weight: 400">“Corporate Communication: Another Way of Practicing Journalism,”</span></i></a><span style="font-weight: 400"> will take place on March 25 and 26 in the Aula Magna of the Altabix Building. The event is organized by the Miguel Hernández University (UMH) and the Department of Social and Human Sciences with the aim of discussing the communication management of companies, institutions, and organizations—a responsibility that often falls on journalism professionals.</span></p>
<p><span style="font-weight: 400">The conference will feature experts such as Pilar Domingo (President of <a href="https://periodismo.umh.es/2014/02/13/ix-jornadas-internnacionales-de-periodismo-umh-comunicacion-corporativa-otra-forma-de-ejercer-el-periodismo/www.dircom.org/">Dircom</a> Comunidad Valenciana y Murcia), Lorena Escandell (Head of Communication at <a href="https://periodismo.umh.es/2014/02/13/ix-jornadas-internnacionales-de-periodismo-umh-comunicacion-corporativa-otra-forma-de-ejercer-el-periodismo/www.adela-cv.org/">ADELA-CV</a>), Maribel Hernández (Amnesty International), Roberto Rodríguez (Communications Director at <a href="https://periodismo.umh.es/2014/02/13/ix-jornadas-internnacionales-de-periodismo-umh-comunicacion-corporativa-otra-forma-de-ejercer-el-periodismo/www.amma.es/grupo-amma">Grupo Amma</a>), Bárbara Yuste (Communications Director at the Spanish <a href="https://periodismo.umh.es/2014/02/13/ix-jornadas-internnacionales-de-periodismo-umh-comunicacion-corporativa-otra-forma-de-ejercer-el-periodismo/www.adigital.org/%E2%80%8E">Association of Digital Economy</a>), Jordi Román (Communications Director at the <a href="https://periodismo.umh.es/2014/02/13/ix-jornadas-internnacionales-de-periodismo-umh-comunicacion-corporativa-otra-forma-de-ejercer-el-periodismo/www.feb.es/%E2%80%8E">Spanish Basketball Federation</a>), and Javier Fernández del Mora, Professor at the <a href="https://www.ucm.es/%E2%80%8E">Complutense University of Madrid</a>, among others.</span></p>
<p><span style="font-weight: 400">This edition will be directed by <a href="http://www.rmedcom.org/cv/cvdeLara.pdf">Alicia de Lara González</a> and <a href="http://www.elche.me/biografia/olabe-sanchez-fernando">Fernando Olabe Sánchez</a>, professors and experts in Advertising and Corporate Communication. <strong>UMH Journalism</strong> professors José Luis González, José Luis Ferris, Isabel González Mesa, Sergio Martínez Mahugo, and José Alberto García Avilés will also participate and collaborate in the event.</span></p>
<p><span style="font-weight: 400">As every year, during the conference (Wednesday at 12:30 p.m.), the 6th Ricardo Ortega Journalistic Report Award will be presented. Participants will also be able to engage via Twitter using the hashtag <a href="https://twitter.com/search?q=%23jpumh&amp;src=tren">#jpumh</a>, which has become a national trending topic in previous editions.</span></p>
<p><strong>Registration</strong></p>
<ul>
<li style="font-weight: 400"><span style="font-weight: 400">Attendance and registration for the conference grant 1 elective credit at UMH.</span>&nbsp;</li>
<li style="font-weight: 400"><span style="font-weight: 400">General public: €30</span>&nbsp;</li>
<li style="font-weight: 400"><span style="font-weight: 400">Members of the Alicante Press Association: €20</span>&nbsp;</li>
<li style="font-weight: 400"><span style="font-weight: 400">Students from other universities: €15</span>&nbsp;</li>
<li style="font-weight: 400"><span style="font-weight: 400">UMH students and alumni: €10</span>&nbsp;</li>
<li style="font-weight: 400"><span style="font-weight: 400">Payment must be made via the UMH website:</span><a href="http://www.umh.es/recibos"> <span style="font-weight: 400">www.umh.es/recibos</span></a>&nbsp;</li>
</ul>
<p>&nbsp;</p>
<p><span style="font-weight: 400">Schedule</span></p>
<p><span style="font-weight: 400">The conference will begin on Tuesday, March 25, 2014, at 9:00 a.m. and end at 2:00 p.m.</span><span style="font-weight: 400"><br />
</span><span style="font-weight: 400"> On Wednesday, March 26, sessions will start at 9:30 a.m. and conclude at 1:45 p.m.</span></p>
<p><a href="http://issuu.com/medialabumh/docs/tr__ptico/0"><span style="font-weight: 400">BROCHURE WITH FULL INFORMATION ABOUT THE CONFERENCE</span></a></p>
<div class='bookmarkify'><a name='bookmarkify'></a><div class='linkbuttons'><a href='http://www.facebook.com/share.php?u=https://periodismo.umh.es/en/informacion-academica/valencia-jornadas-internacionales/ix-comunicacion-corporativa/' title='Save to Facebook' onclick='target="_blank";' rel='nofollow'><img src='https://periodismo.umh.es/wp-content/plugins/bookmarkify/facebook.png' style='width:16px; height:16px;' alt='[Facebook] ' /></a> <a href='http://twitter.com/home/?status=9th Corporate Communication+https://periodismo.umh.es/en/informacion-academica/valencia-jornadas-internacionales/ix-comunicacion-corporativa/' title='Save to Twitter' onclick='target="_blank";' rel='nofollow'><img src='https://periodismo.umh.es/wp-content/plugins/bookmarkify/twitter.png' style='width:16px; height:16px;' alt='[Twitter] ' /></a> </div></div>

<p>The 9th International Journalism Conference UMH, titled “Corporate Communication: Another Way of Practicing Journalism,” will take place on March 25 and 26 in the Aula Magna of the Altabix Building. The event is organized by the Miguel Hernández University (UMH) and the Department of Social and Human Sciences with the aim of discussing the communication [&#8230;]</p>
