{"id":13,"date":"2011-11-02T13:13:14","date_gmt":"2011-11-02T12:13:14","guid":{"rendered":"http:\/\/periodismo.umh.es\/iijp-la-arquitectura-de-la-informacion\/"},"modified":"2025-11-17T15:50:27","modified_gmt":"2025-11-17T14:50:27","slug":"iijp-la-arquitectura-de-la-informacion","status":"publish","type":"page","link":"https:\/\/periodismo.umh.es\/ca\/informacion-academica\/valencia-jornadas-internacionales\/iijp-la-arquitectura-de-la-informacion\/","title":{"rendered":"<span lang=\"es\">(Espa\u00f1ol) 2\u00aa La Arquitectura de la Informaci\u00f3n<\/span>"},"content":{"rendered":"<p class=\"qtranxs-available-languages-message qtranxs-available-languages-message-ca\">Ho sentim, aquesta entrada es troba disponible \u00fanicament en <a href=\"https:\/\/periodismo.umh.es\/es\/wp-json\/wp\/v2\/pages\/13\" class=\"qtranxs-available-language-link qtranxs-available-language-link-es\" title=\"Espa\u00f1ol\">Espanyol Europeu<\/a> i <a href=\"https:\/\/periodismo.umh.es\/en\/wp-json\/wp\/v2\/pages\/13\" class=\"qtranxs-available-language-link qtranxs-available-language-link-en\" title=\"English\">Angl\u00e8s Americ\u00e0<\/a>.<\/p>","protected":false},"excerpt":{"rendered":"<p>Ho sentim, aquesta entrada es troba disponible \u00fanicament en Espanyol Europeu i Angl\u00e8s Americ\u00e0.<\/p>\n","protected":false},"author":204,"featured_media":0,"parent":927,"menu_order":20,"comment_status":"closed","ping_status":"closed","template":"","meta":{"ngg_post_thumbnail":0,"_links_to":"","_links_to_target":""},"_links":{"self":[{"href":"https:\/\/periodismo.umh.es\/ca\/wp-json\/wp\/v2\/pages\/13"}],"collection":[{"href":"https:\/\/periodismo.umh.es\/ca\/wp-json\/wp\/v2\/pages"}],"about":[{"href":"https:\/\/periodismo.umh.es\/ca\/wp-json\/wp\/v2\/types\/page"}],"author":[{"embeddable":true,"href":"https:\/\/periodismo.umh.es\/ca\/wp-json\/wp\/v2\/users\/204"}],"replies":[{"embeddable":true,"href":"https:\/\/periodismo.umh.es\/ca\/wp-json\/wp\/v2\/comments?post=13"}],"version-history":[{"count":0,"href":"https:\/\/periodismo.umh.es\/ca\/wp-json\/wp\/v2\/pages\/13\/revisions"}],"up":[{"embeddable":true,"href":"https:\/\/periodismo.umh.es\/ca\/wp-json\/wp\/v2\/pages\/927"}],"wp:attachment":[{"href":"https:\/\/periodismo.umh.es\/ca\/wp-json\/wp\/v2\/media?parent=13"}],"curies":[{"name":"wp","href":"https:\/\/api.w.org\/{rel}","templated":true}]}}

<span lang="es">(Español) 2ª La Arquitectura de la Información</span>

<p class="qtranxs-available-languages-message qtranxs-available-languages-message-ca">Ho sentim, aquesta entrada es troba disponible únicament en <a href="https://periodismo.umh.es/es/wp-json/wp/v2/pages/13" class="qtranxs-available-language-link qtranxs-available-language-link-es" title="Español">Espanyol Europeu</a> i <a href="https://periodismo.umh.es/en/wp-json/wp/v2/pages/13" class="qtranxs-available-language-link qtranxs-available-language-link-en" title="English">Anglès Americà</a>.</p>

<p>Ho sentim, aquesta entrada es troba disponible únicament en Espanyol Europeu i Anglès Americà.</p>
